e the prime factors of 8421?
3, 7, 401
What are the prime factors of 434?
2, 7, 31
List the prime factors of 1304.
2, 163
List the prime factors of 66997.
7, 17, 563
List the prime factors of 306.
2, 3, 17
List the prime factors of 71083.
31, 2293
What are the prime factors of 15427?
15427
What are the prime factors of 1085?
5, 7, 31
List the prime factors of 7422.
2, 3, 1237
What are the prime factors of 1196?
2, 13, 23
What are the prime factors of 1827?
3, 7, 29
List the prime factors of 4790.
2, 5, 479
What are the prime factors of 1288?
2, 7, 23
List the prime factors of 12972.
2, 3, 23, 47
List the prime factors of 13960.
2, 5, 349
What are the prime factors of 169?
13
What are the prime factors of 15702?
2, 3, 2617
List the prime factors of 62704.
2, 3919
What are the prime factors of 152597?
152597
List the prime factors of 387.
3, 43
List the prime factors of 16729.
16729
List the prime factors of 133156.
2, 33289
List the prime factors of 21814.
2, 13, 839
What are the prime factors of 46822?
2, 41, 571
What are the prime factors of 2198?
2, 7, 157
List the prime factors of 4890.
2, 3, 5, 163
List the prime factors of 1427.
1427
What are the prime factors of 537?
3, 179
List the prime factors of 1285.
5, 257
What are the prime factors of 37221?
3, 19, 653
List the prime factors of 21278.
2, 10639
What are the prime factors of 334?
2, 167
What are the prime factors of 19807?
29, 683
What are the prime factors of 69881?
7, 67, 149
List the prime factors of 695.
5, 139
What are the prime factors of 20581?
11, 1871
What are the prime factors of 13621?
53, 257
What are the prime factors of 2720?
2, 5, 17
What are the prime factors of 5687?
11, 47
List the prime factors of 4115.
5, 823
List the prime factors of 8635.
5, 11, 157
List the prime factors of 706.
2, 353
List the prime factors of 18979.
18979
List the prime factors of 40954.
2, 20477
List the prime factors of 40012.
2, 7, 1429
List the prime factors of 1800.
2, 3, 5
What are the prime factors of 13803?
3, 43, 107
List the prime factors of 640.
2, 5
List the prime factors of 40364.
2, 10091
What are the prime factors of 187619?
373, 503
What are the prime factors of 125280?
2, 3, 5, 29
What are the prime factors of 1367?
1367
List the prime factors of 38204.
2, 9551
What are the prime factors of 18146?
2, 43, 211
What are the prime factors of 39849?
3, 37, 359
List the prime factors of 53535.
3, 5, 43, 83
List the prime factors of 114066.
2, 3, 6337
What are the prime factors of 2339?
2339
List the prime factors of 28904.
2, 3613
List the prime factors of 1633.
23, 71
What are the prime factors of 347?
347
What are the prime factors of 10332?
2, 3, 7, 41
What are the prime factors of 48213?
3, 11, 487
What are the prime factors of 9356?
2, 2339
What are the prime factors of 1168?
2, 73
What are the prime factors of 9833?
9833
What are the prime factors of 58319?
29, 2011
What are the prime factors of 4375?
5, 7
What are the prime factors of 2626?
2, 13, 101
What are the prime factors of 1214?
2, 607
List the prime factors of 22422.
2, 3, 37, 101
List the prime factors of 35789.
13, 2753
List the prime factors of 1672.
2, 11, 19
List the prime factors of 15178.
2, 7589
What are the prime factors of 117836?
2, 89, 331
What are the prime factors of 8410?
2, 5, 29
What are the prime factors of 5431?
5431
List the prime factors of 16862.
2, 8431
What are the prime factors of 64?
2
List the prime factors of 58.
2, 29
What are the prime factors of 12168?
2, 3, 13
What are the prime factors of 38874?
2, 3, 11, 19, 31
What are the prime factors of 1360?
2, 5, 17
List the prime factors of 53279.
53279
What are the prime factors of 896?
2, 7
List the prime factors of 3487.
11, 317
List the prime factors of 101891.
101891
List the prime factors of 30158.
2, 17, 887
What are the prime factors of 1573?
11, 13
What are the prime factors of 5689?
5689
List the prime factors of 35145.
3, 5, 11, 71
What are the prime factors of 2379?
3, 13, 61
List the prime factors of 20139.
3, 7, 137
List the prime factors of 20189.
13, 1553
List the prime factors of 17168.
2, 29, 37
List the prime factors of 16494.
2, 3, 2749
What are the prime factors of 37178?
2, 29, 641
What are the prime factors of 17029?
17029
What are the prime factors of 13806?
2, 3, 13, 59
What are the prime factors of 3816?
2, 3, 53
List the prime factors of 84002.
2, 97, 433
List the prime factors of 1794.
2, 3, 13, 23
What are the prime factors of 1781?
13, 137
What are the prime factors of 98152?
2, 12269
What are the prime factors of 619?
619
List the prime factors of 3051.
3, 113
List the prime factors of 13892.
2, 23, 151
What are the prime factors of 1114?
2, 557
List the prime factors of 115950.
2, 3, 5, 773
List the prime factors of 152643.
3, 17, 41, 73
List the prime factors of 2976.
2, 3, 31
What are the prime factors of 936?
2, 3, 13
List the prime factors of 10383.
3, 3461
List the prime factors of 1196.
2, 13, 23
What are the prime factors of 1186?
2, 593
List the prime factors of 8687.
7, 17, 73
List the prime factors of 1721.
1721
What are the prime factors of 56103?
3, 18701
List the prime factors of 6258.
2, 3, 7, 149
List the prime factors of 677.
677
What are the prime factors of 73788?
2, 3, 11, 13, 43
What are the prime factors of 458?
2, 229
What are the prime factors of 15?
3, 5
What are the prime factors of 5102?
2, 2551
What are the prime factors of 13440?
2, 3, 5, 7
List the prime factors of 1060.
2, 5, 53
List the prime factors of 19838.
2, 7, 13, 109
What are the prime factors of 882?
2, 3, 7
List the prime factors of 7501.
13, 577
What are the prime factors of 5984?
2, 11, 17
What are the prime factors of 2191?
7, 313
List the prime factors of 492.
2, 3, 41
What are the prime factors of 261?
3, 29
What are the prime factors of 206043?
3, 173, 397
What are the prime factors of 2681?
7, 383
What are the prime factors of 1547?
7, 13, 17
List the prime factors of 3925.
5, 157
List the prime factors of 1165.
5, 233
List the prime factors of 113886.
2, 3, 19, 37
List the prime factors of 1277.
1277
List the prime factors of 1687.
7, 241
List the prime factors of 1623.
3, 541
List the prime factors of 38229.
3, 12743
List the prime factors of 13383.
3, 1487
What are the prime factors of 11332?
2, 2833
List the prime factors of 10952.
2, 37
What are the prime factors of 39602?
2, 19801
What are the prime factors of 3727?
3727
List the prime factors of 2118.
2, 3, 353
What are the prime factors of 249?
3, 83
What are the prime factors of 31937?
109, 293
List the prime factors of 206.
2, 103
List the prime factors of 20364.
2, 3, 1697
What are the prime factors of 11048?
2, 1381
List the prime factors of 11127.
3, 3709
List the prime factors of 700.
2, 5, 7
List the prime factors of 54037.
54037
List the prime factors of 24508.
2, 11, 557
List the prime factors of 106.
2, 53
List the prime factors of 3198.
2, 3, 13, 41
What are the prime factors of 8890?
2, 5, 7, 127
List the prime factors of 5650.
2, 5, 113
What are the prime factors of 2542?
2, 31, 41
What are the prime factors of 6825?
3, 5, 7, 13
List the prime factors of 699.
3, 233
What are the prime factors of 8776?
2, 1097
What are the prime factors of 9114?
2, 3, 7, 31
What are the prime factors of 8729?
7, 29, 43
What are the prime factors of 13774?
2, 71, 97
List the prime factors of 73943.
73943
What are the prime factors of 27133?
43, 631
List the prime factors of 420.
2, 3, 5, 7
List the prime factors of 11781.
3, 7, 11, 17
List the prime factors of 28448.
2, 7, 127
What are the prime factors of 3132?
2, 3, 29
What are the prime factors of 80788?
2, 19, 1063
List the prime factors of 12865.
5, 31, 83
List the prime factors of 378.
2, 3, 7
List the prime factors of 1606.
2, 11, 73
List the prime factors of 2356.
2, 19, 31
What are the prime factors of 16473?
3, 17, 19
What are the prime factors of 179?
179
What are the prime factors of 8913?
3, 2971
What are the prime factors of 88162?
2, 17, 2593
What are the prime factors of 1693?
1693
What are the prime factors of 1012?
2, 11, 23
What are the prime factors of 3416?
2, 7, 61
What are the prime factors of 621?
3, 23
List the prime factors of 1554.
2, 3, 7, 37
List the prime factors of 1681.
41
Li